ten millions digit of 945013693?
4
What is the hundred thousands digit of 2711319?
7
What is the hundreds digit of 49026537?
5
What is the billions digit of 1706796292?
1
What is the ten millions digit of 2351855366?
5
What is the thousands digit of 87681847?
1
What is the millions digit of 1377955663?
7
What is the millions digit of 1429833904?
9
What is the tens digit of 301248233?
3
What is the ten millions digit of 103662554?
0
What is the hundred thousands digit of 855468632?
4
What is the units digit of 69881516?
6
What is the billions digit of 1109107365?
1
What is the ten thousands digit of 432862577?
6
What is the hundred thousands digit of 489831883?
8
What is the ten thousands digit of 35032208?
3
What is the millions digit of 27659450?
7
What is the ten thousands digit of 5449254794?
5
What is the hundreds digit of 338839244?
2
What is the units digit of 4784113?
3
What is the hundreds digit of 33115067?
0
What is the thousands digit of 3910332636?
2
What is the hundreds digit of 295395925?
9
What is the ten thousands digit of 3687873092?
7
What is the thousands digit of 64093884?
3
What is the units digit of 4790363185?
5
What is the hundreds digit of 1459957982?
9
What is the thousands digit of 1405960257?
0
What is the tens digit of 578804698?
9
What is the hundred thousands digit of 126581734?
5
What is the hundreds digit of 563252997?
9
What is the tens digit of 7141135886?
8
What is the thousands digit of 1040658989?
8
What is the tens digit of 170810285?
8
What is the thousands digit of 84429602?
9
What is the tens digit of 1667269619?
1
What is the hundred thousands digit of 3642582307?
5
What is the millions digit of 53473243?
3
What is the hundreds digit of 462445639?
6
What is the millions digit of 344193112?
4
What is the hundred thousands digit of 35017792?
0
What is the thousands digit of 45070012?
0
What is the ten thousands digit of 81163363?
6
What is the millions digit of 4240539?
4
What is the units digit of 1125699138?
8
What is the thousands digit of 49172608?
2
What is the ten thousands digit of 4168044?
6
What is the hundred thousands digit of 49006961?
0
What is the units digit of 117130487?
7
What is the ten thousands digit of 4098834246?
3
What is the hundreds digit of 32494335?
3
What is the hundreds digit of 218186143?
1
What is the ten thousands digit of 554199301?
9
What is the tens digit of 55890777?
7
What is the units digit of 1945275196?
6
What is the thousands digit of 1145224673?
4
What is the hundreds digit of 1179357953?
9
What is the ten thousands digit of 4605198068?
9
What is the ten thousands digit of 74527291?
2
What is the millions digit of 1558228224?
8
What is the millions digit of 209853388?
9
What is the millions digit of 11924213?
1
What is the ten millions digit of 35169794?
3
What is the ten millions digit of 200379551?
0
What is the units digit of 46116252?
2
What is the thousands digit of 32204217?
4
What is the hundred millions digit of 1489474442?
4
What is the hundred thousands digit of 105594409?
5
What is the ten thousands digit of 47868196?
6
What is the tens digit of 60602786?
8
What is the hundred millions digit of 592137478?
5
What is the ten millions digit of 20309314?
2
What is the hundreds digit of 32620670?
6
What is the ten millions digit of 14508393?
1
What is the hundred millions digit of 2689003927?
6
What is the tens digit of 8288656618?
1
What is the ten thousands digit of 2861226398?
2
What is the tens digit of 121050720?
2
What is the tens digit of 330817461?
6
What is the tens digit of 832354895?
9
What is the tens digit of 525403067?
6
What is the hundred thousands digit of 35703564?
7
What is the millions digit of 305026566?
5
What is the units digit of 1463321608?
8
What is the units digit of 461962239?
9
What is the ten millions digit of 586953019?
8
What is the millions digit of 73202145?
3
What is the tens digit of 1557167983?
8
What is the ten millions digit of 2791928105?
9
What is the tens digit of 1600275886?
8
What is the millions digit of 223371040?
3
What is the thousands digit of 1033701864?
1
What is the hundred thousands digit of 3325765469?
7
What is the thousands digit of 126629047?
9
What is the millions digit of 2558981514?
8
What is the units digit of 4218567?
7
What is the ten millions digit of 48654091?
4
What is the hundreds digit of 78922217?
2
What is the hundred thousands digit of 77859638?
8
What is the units digit of 5665738956?
6
What is the ten millions digit of 1378074789?
7
What is the hundred thousands digit of 731437539?
4
What is the hundreds digit of 103052198?
1
What is the billions digit of 2850786289?
2
What is the units digit of 2661899245?
5
What is the tens digit of 551196833?
3
What is the hundred thousands digit of 1469046501?
0
What is the ten millions digit of 412092311?
1
What is the thousands digit of 26445970?
5
What is the ten thousands digit of 991867930?
6
What is the units digit of 193586892?
2
What is the millions digit of 278908251?
8
What is the ten millions digit of 32764726?
3
What is the ten millions digit of 41992796?
4
What is the hundred thousands digit of 339673721?
6
What is the ten thousands digit of 1563766210?
6
What is the tens digit of 9516502?
0
What is the hundreds digit of 53943046?
0
What is the hundred thousands digit of 430431467?
4
What is the tens digit of 2887082864?
6
What is the ten millions digit of 3453089303?
5
What is the hundred thousands digit of 226033957?
0
What is the units digit of 46769386?
6
What is the tens digit of 149999859?
5
What is the hundreds digit of 23735770?
7
What is the ten millions digit of 37593105?
3
What is the millions digit of 64741097?
4
What is the units digit of 433110097?
7
What is the tens digit of 43598225?
2
What is the millions digit of 5124482987?
4
What is the hundreds digit of 114981069?
0
What is the hundreds digit of 219424811?
8
What is the hundred millions digit of 474223325?
4
What is the millions digit of 1479546213?
9
What is the tens digit of 200717708?
0
What is the thousands digit of 85619444?
9
What is the hundreds digit of 56023009?
0
What is the ten millions digit of 3960623077?
6
What is the tens digit of 713822622?
2
What is the hundreds digit of 145843596?
5
What is the thousands digit of 128250029?
0
What is the thousands digit of 1431359668?
9
What is the hundred thousands digit of 261781182?
7
What is the hundreds digit of 89243600?
6
What is the millions digit of 715882885?
5
What is the millions digit of 29502327?
9
What is the thousands digit of 50011056?
1
What is the thousands digit of 2231770495?
0
What is the hundred millions digit of 2176450349?
1
What is the hundreds digit of 2279076122?
1
What is the thousands digit of 174368941?
8
What is the hundred millions digit of 212933038?
2
What is the thousands digit of 81982053?
2
What is the tens digit of 332889276?
7
What is the millions digit of 98801961?
8
What is the hundred thousands digit of 1053396143?
3
What is the hundreds digit of 1049669994?
9
What is the hundreds digit of 16112562?
5
What is the thousands digit of 50840379?
0
What is the hundred millions digit of 740085038?
7
What is the thousands digit of 30233713?
3
What is the thousands digit of 34749262?
9
What is the units digit of 331194353?
3
What is the hundreds digit of 69960532?
5
What is the tens digit of 32848036?
3
What is the hundred millions digit of 247889755?
2
What is the hundred millions digit of 1910696304?
9
What is the units digit of 2165240820?
0
What is the thousands digit of 23871569?
1
What is the millions digit of 62700575?
2
What is the hundred thousands digit of 1145810?
1
What is the tens digit of 57060034?
3
What is the millions digit of 1671550387?
1
What is the ten thousands digit of 995433800?
3
What is the thousands digit of 623685222?
5
What is the thousands digit of 802000081?
0
What is the units digit of 2593508134?
4
What is the hundred thousands digit of 2523318690?
3
What is the ten thousands digit of 716436?
1
What is the millions digit of 127904363?
7
What is the hundred thousands digit of 278666628?
6
What is the ten thousands digit of 1778689805?
8
What is the thousands digit of 4322353749?
3
What is the millions digit of 4290631560?
0
What is the thousa